{"id":4569,"date":"2015-02-15T15:46:59","date_gmt":"2015-02-15T14:46:59","guid":{"rendered":"http:\/\/www.lutzz.ch\/?page_id=4569"},"modified":"2022-11-11T21:15:42","modified_gmt":"2022-11-11T20:15:42","slug":"spenden","status":"publish","type":"page","link":"https:\/\/www.lutzz.ch\/?page_id=4569","title":{"rendered":"Spenden"},"content":{"rendered":"<p><iframe loading=\"lazy\" src=\"https:\/\/www.youtube.com\/embed\/on0cT33cdUM\" width=\"560\" height=\"315\" frameborder=\"0\"><\/iframe><\/p>\n<p><strong>\u00abAbwasser\u00bb braucht Ihr Geld. Sie werden netterweise mit folgenden l\u00e4ssigen Gegenleistungen entsch\u00e4digt:<\/strong><\/p>\n<h2>=&gt; Einzahlungsschein anfordern unter <a href=\"mailto:info@lutzz.ch\">info@lutzz.ch<br \/>\n<\/a>=&gt; PayPal-Knopf: siehe unten<\/h2>\n<h1><span style=\"color: #ff0000;\">CHF 9.90 <span style=\"color: #000000;\">Radio-Gruss<\/span><\/span><\/h1>\n<p><span style=\"font-size: 16px;\">Wir gr\u00fcssen Sie w\u00e4hrend einer unserer genialen Sendungen! Und falls Sie sich sch\u00e4men sollten, uns zu unterst\u00fctzen, voll kein Problem: Wir nennen Sie auf Wunsch bei einem Decknamen Ihrer Wahl.<\/span><\/p>\n<h1><span style=\"color: #ff0000;\">CHF 25.-\u00a0<span style=\"color: #000000;\">Telefongespr\u00e4ch mit Walti<\/span><\/span><\/h1>\n<p>Sie m\u00f6chten den gr\u00f6ssten Trottel der Schweizer Radiogeschichte einmal h\u00f6chstpers\u00f6nlich am Rohr haben? Kein Problem! Walti ruft Sie live aus dem Radiostudio an, um mit Ihnen \u00fcber Ihren langweiligen Alltag zu reden.<\/p>\n<h1><span style=\"color: #ff0000;\">CHF 49.90 <\/span><span style=\"color: #000000;\">als Zuschauer live im Studio<\/span><\/h1>\n<p>Sie sind als Zuschauer live zu Gast in einer der genialen \u00abAbwasser\u00bb-Sendungen, nicht schlecht! Jetzt m\u00fcssen Sie nur noch das Bier mitbringen, und Sie erleben vor eigenen Augen, wie Lutzz und Walti die geistreichen Zoten eine nach der anderen ins Mikrofon gr\u00f6len.<\/p>\n<h1><span style=\"color: #ff0000;\">CHF 65.-\u00a0<span style=\"color: #000000;\">Meet&amp;Greet mit Hauptmoderator<\/span><\/span><\/h1>\n<p>Meet&amp;Greet mit dem Meister pers\u00f6nlich: Treffen Sie Starmoderator Lutzz h\u00f6chstselbst, um mit ihm 15 bis 17 Biere zu trinken, die Sie alle bezahlen d\u00fcrfen! Unterhalten Sie sich mit ihm mehrere Minuten lang, bevor er schrittweise das Bewusstsein verliert.<\/p>\n<h1><span style=\"color: #ff0000;\">CHF 79.90 <span style=\"color: #000000;\">Gespr\u00e4chsgast in Sendung<\/span><\/span><\/h1>\n<p>Sie sind unser Gespr\u00e4chsgast in einer unserer Sendungen, geil! Interviewprofi Lutzz l\u00f6chert Sie mit unangenehmen Fragen \u00fcber Ihr missgl\u00fccktes Liebesleben und gibt Ihnen hilfreiche Tipps zur Verbesserung Ihres Aussehens, direkt in der Sendung!<\/p>\n<h1><span style=\"color: #ff0000;\">CHF 89.90 <span style=\"color: #000000;\">Stadtf\u00fchrung mit Walti<\/span><\/span><\/h1>\n<p><span style=\"font-size: 16px;\">Stadtf\u00fchrung mit Walti durch seinen aktuellen Wohnort: Treffen Sie den legend\u00e4ren Moderations-Mongo wahrhaftig und unverfremdet, und lassen Sie sich von ihm durch die dunkelsten Gassen Berns f\u00fchren! Sch\u00fctten Sie sich die nobelsten Billigbiere rein, welche die Bundeshauptstadt zu bieten hat (offeriert), w\u00e4hrenddem Ihnen Walti die verkommensten Ecken dieses zur\u00fcckgebliebenen Ortes erl\u00e4utert. Inkl. Autogramm auf ein K\u00f6rperteil Ihrer Wahl!<\/span><\/p>\n<h1><span style=\"color: #ff0000;\">CHF 149.90 <span style=\"color: #000000;\">Aufzeichnung in Ihrem Wohnzimmer<\/span><\/span><\/h1>\n<p>Wir nehmen eine unserer grandiosen Sendungen direkt in Ihrer Wohnung auf! Egal ob WG, Haftanstalt oder Elternhaus: Sie und Ihre Mitbewohner werden Zeugen eines unvergesslichen Radio-Erlebnisses in den eigenen vier W\u00e4nden, welches wom\u00f6glich bis zu 30% der Bewohner zu begeistern verm\u00f6gen wird!<\/p>\n<h1><span style=\"color: #ff0000;\">CHF 199.90\u00a0<span style=\"color: #000000;\">One-Night-Stand mit einem der Moderatoren<\/span><\/span><\/h1>\n<p>One-Night-Stand mit einem der Moderatoren (f\u00fcr Frauen im Alter 20-50): Sind Sie weiblich und an den Moderationstalenten von \u00abAbwasser\u00bb nicht nur akustisch interessiert? Dann ist das Ihre Chance! Lernen Sie den Moderator Ihrer Wahl w\u00e4hrend einer \u00abSpezialsendung\u00bb in Ihrem Schlafzimmer ganz pers\u00f6nlich kennen!<\/p>\n<form action=\"https:\/\/www.paypal.com\/cgi-bin\/webscr\" method=\"post\" target=\"_top\"><input name=\"cmd\" type=\"hidden\" value=\"_s-xclick\" \/><br \/>\n<input name=\"hosted_button_id\" type=\"hidden\" value=\"986EXCH7QWZ7G\" \/><\/p>\n<table>\n<tbody>\n<tr>\n<td><input name=\"on0\" type=\"hidden\" value=\"Belohnung\" \/>Belohnung ausw\u00e4hlen:<\/td>\n<\/tr>\n<tr>\n<td><select name=\"os0\"><option value=\"Radio-Gruss\">Radio-Gruss 9.90 CHF<\/option><option value=\"Telefongespr\u00e4ch mit Walti\">Telefongespr\u00e4ch mit Walti 25.00 CHF<\/option><option value=\"als Zuschauer live im Studio\">als Zuschauer live im Studio 49.90 CHF<\/option><option value=\"Meet&amp;Greet mit Hauptmoderator\">Meet&amp;Greet mit Hauptmoderator 65.00 CHF<\/option><option value=\"Gespr\u00e4chsgast in Sendung\">Gespr\u00e4chsgast in Sendung 79.90 CHF<\/option><option value=\"Stadtf\u00fchrung mit Walti\">Stadtf\u00fchrung mit Walti 89.90 CHF<\/option><option value=\"Aufzeichnung ih Ihrem Wohnzimmer\">Aufzeichnung ih Ihrem Wohnzimmer 149.90 CHF<\/option><option value=\"One-Night-Stand mit einem der Moderatoren\">One-Night-Stand mit einem der Moderatoren 199.90 CHF<\/option><\/select><\/td>\n<\/tr>\n<tr>\n<td><input name=\"on1\" type=\"hidden\" value=\"E-Mail-Adresse\" \/>E-Mail-Adresse<\/td>\n<\/tr>\n<tr>\n<td><input maxlength=\"200\" name=\"os1\" type=\"text\" \/><\/td>\n<\/tr>\n<\/tbody>\n<\/table>\n<p><input name=\"currency_code\" type=\"hidden\" value=\"CHF\" \/><br \/>\n<input alt=\"Jetzt einfach, schnell und sicher online bezahlen \u2013 mit PayPal.\" name=\"submit\" src=\"https:\/\/www.paypalobjects.com\/de_DE\/CH\/i\/btn\/btn_buynowCC_LG.gif\" type=\"image\" \/><br \/>\n<img loading=\"lazy\" decoding=\"async\" src=\"https:\/\/www.paypalobjects.com\/de_DE\/i\/scr\/pixel.gif\" alt=\"\" width=\"1\" height=\"1\" border=\"0\" \/><\/p>\n<\/form>\n","protected":false},"excerpt":{"rendered":"<p>\u00abAbwasser\u00bb braucht Ihr Geld. Sie werden netterweise mit folgenden l\u00e4ssigen Gegenleistungen entsch\u00e4digt: =&gt; Einzahlungsschein anfordern unter info@lutzz.ch =&gt; PayPal-Knopf: siehe unten CHF 9.90 Radio-Gruss Wir gr\u00fcssen Sie w\u00e4hrend einer unserer genialen Sendungen! Und falls Sie sich sch\u00e4men sollten, uns zu &hellip; <a href=\"https:\/\/www.lutzz.ch\/?page_id=4569\">Continue reading <span class=\"meta-nav\">&rarr;<\/span><\/a><\/p>\n","protected":false},"author":1,"featured_media":0,"parent":0,"menu_order":0,"comment_status":"open","ping_status":"closed","template":"","meta":{"footnotes":""},"class_list":["post-4569","page","type-page","status-publish","hentry"],"_links":{"self":[{"href":"https:\/\/www.lutzz.ch\/index.php?rest_route=\/wp\/v2\/pages\/4569","targetHints":{"allow":["GET"]}}],"collection":[{"href":"https:\/\/www.lutzz.ch\/index.php?rest_route=\/wp\/v2\/pages"}],"about":[{"href":"https:\/\/www.lutzz.ch\/index.php?rest_route=\/wp\/v2\/types\/page"}],"author":[{"embeddable":true,"href":"https:\/\/www.lutzz.ch\/index.php?rest_route=\/wp\/v2\/users\/1"}],"replies":[{"embeddable":true,"href":"https:\/\/www.lutzz.ch\/index.php?rest_route=%2Fwp%2Fv2%2Fcomments&post=4569"}],"version-history":[{"count":47,"href":"https:\/\/www.lutzz.ch\/index.php?rest_route=\/wp\/v2\/pages\/4569\/revisions"}],"predecessor-version":[{"id":5336,"href":"https:\/\/www.lutzz.ch\/index.php?rest_route=\/wp\/v2\/pages\/4569\/revisions\/5336"}],"wp:attachment":[{"href":"https:\/\/www.lutzz.ch\/index.php?rest_route=%2Fwp%2Fv2%2Fmedia&parent=4569"}],"curies":[{"name":"wp","href":"https:\/\/api.w.org\/{rel}","templated":true}]}}