{"id":2425,"date":"2011-04-07T23:57:40","date_gmt":"2011-04-07T22:57:40","guid":{"rendered":"http:\/\/www.lutzz.ch\/?page_id=2425"},"modified":"2023-12-05T23:21:02","modified_gmt":"2023-12-05T22:21:02","slug":"radio","status":"publish","type":"page","link":"https:\/\/www.lutzz.ch\/?page_id=2425","title":{"rendered":"Radio"},"content":{"rendered":"<h1><strong>Abwasser<br \/>\n<\/strong><\/h1>\n<p><em>\u00abAbwasser\u00bb ist der relativ geile Satire-<\/em><em>Podcast der Deutschschweiz.<br \/>\niTunes-Feed <a href=\"https:\/\/itunes.apple.com\/ch\/podcast\/abwasser\/id1255103303?l=de\" target=\"_blank\" rel=\"noopener\">hier<\/a>. RSS-Feed <a href=\"http:\/\/www.lutzz.ch\/?cat=19&amp;feed=rss2\" target=\"_blank\" rel=\"noopener\">hier<\/a>.<\/em><\/p>\n<p>Abwasser #50 vom 18. Dezember 2021<br \/>\n<strong>mit verst\u00f6rendem Comeback auf Radio Kanal K.<\/strong><br \/>\n<a href=\"http:\/\/www.lutzz.ch\/abwasser\/Abwasser_50.mp3\" target=\"_blank\" rel=\"noopener\">SENDUNG DOWNLOADEN<\/a><\/p>\n<p>Abwasser #49 vom 21. Januar 2018<br \/>\n<strong>mit mysteri\u00f6sem Verschwinden einer Dame auf dem WC.<\/strong><br \/>\n<a href=\"http:\/\/www.lutzz.ch\/abwasser\/Abwasser_49.mp3\" target=\"_blank\" rel=\"noopener\">SENDUNG DOWNLOADEN<\/a><\/p>\n<p>Abwasser #48 vom 17. Dezember 2017<br \/>\n<strong>mit Gast Erich Hess, Samichlaus und Schmuzli.<\/strong><br \/>\n<a href=\"http:\/\/www.lutzz.ch\/abwasser\/Abwasser_48.mp3\" target=\"_blank\" rel=\"noopener\">SENDUNG DOWNLOADEN<\/a><\/p>\n<p>Abwasser #47 vom 19. November 2017<br \/>\n<strong>mit neuen Problemen aufgrund unserer Witze.<\/strong><br \/>\n<a href=\"http:\/\/www.lutzz.ch\/abwasser\/Abwasser_47.mp3\" target=\"_blank\" rel=\"noopener\">SENDUNG DOWNLOADEN<\/a><\/p>\n<p>Abwasser #46 vom 15. Oktober 2017<br \/>\n<strong>mit Prostituierten und Gratis-Shots.<\/strong><br \/>\n<a href=\"http:\/\/www.lutzz.ch\/abwasser\/Abwasser_46.mp3\" target=\"_blank\" rel=\"noopener\">SENDUNG DOWNLOADEN<\/a><\/p>\n<p>Abwasser #45 vom 1. Oktober 2017<br \/>\n<strong>mit Waltis Enttarnung und R\u00fcckmeldung von Kilian Ziegler.<\/strong><br \/>\n<a href=\"http:\/\/www.lutzz.ch\/abwasser\/Abwasser_45.mp3\" target=\"_blank\" rel=\"noopener\">SENDUNG DOWNLOADEN<\/a><\/p>\n<p>Abwasser #44 vom 17. September 2017<br \/>\n<strong>mit Kilian Zieglers Kritik an Waltis Kilian-Ziegler-Beleidigung.<\/strong><br \/>\n<a href=\"http:\/\/www.lutzz.ch\/abwasser\/Abwasser_44.mp3\" target=\"_blank\" rel=\"noopener\">SENDUNG DOWNLOADEN<\/a><\/p>\n<p>Abwasser #43 vom 3. September 2017<br \/>\n<strong>mit Waltis Sexdiensten und Spasstelefonat mit einem \u00abMitarbeiter\u00bb der Aargauer Zeitung. Gast: eine Sexologin.<\/strong><br \/>\n<a href=\"http:\/\/www.lutzz.ch\/abwasser\/Abwasser_43.mp3\" target=\"_blank\" rel=\"noopener\">SENDUNG DOWNLOADEN<\/a><\/p>\n<p>Abwasser Extra #5 vom 2. September 2017<br \/>\n<strong>mit\u00a0neuen Schuldzuweisungen im Fall \u00abLady Di\u00bb. Gast: Aargauer JCVP-Pr\u00e4sident Michael Kaufmann.<\/strong><br \/>\n<a href=\"http:\/\/www.lutzz.ch\/abwasser\/Abwasser_Extra_5.mp3\" target=\"_blank\" rel=\"noopener\">SENDUNG DOWNLOADEN<\/a><\/p>\n<p>Abwasser #42 vom 20. August 2017<br \/>\n<strong>mit \u00abdealenden Negern\u00bb und T\u00fcrkei-Reisetipps f\u00fcr Erdogan-Kritiker. G\u00e4ste: M$G.<\/strong><br \/>\n<a href=\"http:\/\/www.lutzz.ch\/abwasser\/Abwasser_42.mp3\" target=\"_blank\" rel=\"noopener\">SENDUNG DOWNLOADEN<\/a><\/p>\n<p>Abwasser #41 vom 6. August 2017<br \/>\n<strong>mit misslungenen Spasstelefonaten nach Kanada und in den Himmel.<\/strong><br \/>\n<a href=\"http:\/\/www.lutzz.ch\/abwasser\/Abwasser_41.mp3\" target=\"_blank\" rel=\"noopener\">SENDUNG DOWNLOADEN<\/a><\/p>\n<p>Abwasser Extra #4 vom 15.\/16. Juli 2017<br \/>\n<strong>mit Anruf bei der JSVP und Diskussion der Verweichlichung des Mannes.<\/strong><br \/>\n<a href=\"http:\/\/www.lutzz.ch\/abwasser\/Abwasser_Extra_4A.mp3\" target=\"_blank\" rel=\"noopener\">TEIL A<br \/>\n<\/a><a href=\"http:\/\/www.lutzz.ch\/abwasser\/Abwasser_Extra_4B.mp3\" target=\"_blank\" rel=\"noopener\">TEIL B<\/a><\/p>\n<p>Abwasser #40 vom 2. Juli 2017<br \/>\n<strong>mit gef\u00e4hrlichen Schwulen und flotter Araber-Musik. Gast:\u00a0Recep Tayyip Erdo\u011fan.<\/strong><br \/>\n<a href=\"http:\/\/www.lutzz.ch\/abwasser\/Abwasser_40.mp3\" target=\"_blank\" rel=\"noopener\">SENDUNG DOWNLOADEN<\/a><\/p>\n<p>Abwasser #39 vom 18. Juni 2017<br \/>\n<strong>mit einem unberechtigten Negerwitz und Christa Rifozze. G\u00e4ste: Mike Bader und Mike Baader.<\/strong><br \/>\n<a href=\"http:\/\/www.lutzz.ch\/abwasser\/Abwasser_39.mp3\" target=\"_blank\" rel=\"noopener\">SENDUNG DOWNLOADEN<\/a><\/p>\n<p>Abwasser #38 vom 4. Juni 2017<br \/>\n<strong>mit Twitter-Blockierung durch M\u00f6rgeli und freikirchlicher Homo-Musik.<\/strong><br \/>\n<a href=\"http:\/\/www.lutzz.ch\/abwasser\/Abwasser_38.mp3\" target=\"_blank\" rel=\"noopener\">SENDUNG DOWNLOADEN<\/a><\/p>\n<p>Abwasser #37 vom 21. Mai 2017<br \/>\n<strong>mit Rayonverboten f\u00fcr die h\u00e4ssliche Stadtseite Oltens und katholischem Radiosender.<\/strong><br \/>\n<a href=\"http:\/\/www.lutzz.ch\/abwasser\/Abwasser_37.mp3\" target=\"_blank\" rel=\"noopener\">SENDUNG DOWNLOADEN<\/a><\/p>\n<p>Abwasser #36 vom 7. Mai 2017<br \/>\n<strong>mit lustigen Argumenten gegen das Energiegesetz. Gast: Daniel Kissling, Gemeinderat \u00abOlten jetzt!\u00bb.<\/strong><br \/>\n<a href=\"http:\/\/www.lutzz.ch\/abwasser\/Abwasser_36.mp3\" target=\"_blank\" rel=\"noopener\">SENDUNG DOWNLOADEN<\/a><\/p>\n<p>Abwasser #35 vom 16. April 2017<br \/>\n<strong>mit Geri M\u00fcller, Blocher und Gr\u00fcnen-Grossr\u00e4tin Ir\u00e8ne K\u00e4lin.<\/strong><br \/>\n<a href=\"http:\/\/www.lutzz.ch\/abwasser\/Abwasser_35.mp3\" target=\"_blank\" rel=\"noopener\">SENDUNG DOWNLOADEN<\/a><\/p>\n<p>Abwasser #34 vom 19. M\u00e4rz 2017<br \/>\n<span style=\"color: #000000;\"><strong>mit Erdogan, Blocher und Sex mit einem Kalb.<\/strong><\/span><br \/>\n<a href=\"http:\/\/www.lutzz.ch\/abwasser\/Abwasser_34.mp3\" target=\"_blank\" rel=\"noopener\">SENDUNG DOWNLOADEN<\/a><\/p>\n<p>Abwasser #33 vom 19. Februar 2017<br \/>\n<strong>Gast: SP-Kantonsratskandidat und Muslim G\u00f6khan Karabas.<\/strong><br \/>\n<a href=\"http:\/\/www.lutzz.ch\/abwasser\/Abwasser_33.mp3\" target=\"_blank\" rel=\"noopener\">SENDUNG DOWNLOADEN<\/a><\/p>\n<p>Abwasser #32 vom 22. Januar 2017<br \/>\n<strong>Unsch\u00e4dlichmachung Donald Trumps durch Lutzz und Willi.<\/strong><br \/>\n<a href=\"http:\/\/www.lutzz.ch\/abwasser\/Abwasser_32.mp3\" target=\"_blank\" rel=\"noopener\">SENDUNG DOWNLOADEN<\/a><\/p>\n<p>Abwasser #31 vom 18. Dezember 2016<br \/>\n<strong>Wundervolle Weihnachts-Anekdoten mit Lutzz und Willi.<\/strong><br \/>\n<a href=\"http:\/\/www.lutzz.ch\/abwasser\/Abwasser_31.mp3\" target=\"_blank\" rel=\"noopener\">SENDUNG DOWNLOADEN<\/a><\/p>\n<p>Abwasser #30 vom 20. November 2016<br \/>\n<strong>Parmelins Weisswein im grossen Abwasser-Geschmackstest. Gast: Kati Rausch.<\/strong><br \/>\n<a href=\"http:\/\/www.lutzz.ch\/abwasser\/Abwasser_30.mp3\" target=\"_blank\" rel=\"noopener\">SENDUNG DOWNLOADEN<\/a><\/p>\n<p>Abwasser #29 vom 16. Oktober 2016<br \/>\n<strong>Walti reserviert fast eine Thai-Massage. Gast: Kilian Ziegler.<\/strong><br \/>\n<a href=\"http:\/\/www.lutzz.ch\/abwasser\/Abwasser_29.mp3\" target=\"_blank\" rel=\"noopener\">SENDUNG DOWNLOADEN<\/a><\/p>\n<p>Abwasser Extra #3 vom 4. Oktober 2016<br \/>\n<strong>mit Burka-Enth\u00fcllung und Beleidigung des Co-Hosts Willi.<\/strong><br \/>\n<a href=\"http:\/\/www.lutzz.ch\/abwasser\/Abwasser_Extra_3.mp3\" target=\"_blank\" rel=\"noopener\">SENDUNG DOWNLOADEN<\/a><\/p>\n<p>Abwasser #28 vom 18. September 2016<br \/>\n<strong>mit Waltis erneutem Comeback und Anruf nach Griechenland. Gast: Chris von Rohr.<\/strong><br \/>\n<a href=\"http:\/\/www.lutzz.ch\/abwasser\/Abwasser_28.mp3\" target=\"_blank\" rel=\"noopener\">SENDUNG DOWNLOADEN<\/a><\/p>\n<p>Abwasser #27 vom 21. August 2016<br \/>\n<strong>Die zweite grosse Sommerferien-Spezialsendung \u2013 mit den O-Nymph-ischen Spielen.<\/strong><br \/>\n<a href=\"http:\/\/www.lutzz.ch\/abwasser\/Abwasser_27.mp3\" target=\"_blank\" rel=\"noopener\">SENDUNG DOWNLOADEN<\/a><\/p>\n<p>Abwasser #26 vom 17. Juli 2016<br \/>\n<strong>Die grosse Sommerferien-Spezialsendung \u2013 live vom Kieselstrand in Winznau SO!<\/strong><br \/>\n<a href=\"http:\/\/www.lutzz.ch\/abwasser\/Abwasser_26.mp3\" target=\"_blank\" rel=\"noopener\">SENDUNG DOWNLOADEN<\/a><\/p>\n<p>Abwasser \u00abSmash\u00bb vom 26. Juni 2016<br \/>\n<strong>Spezialsendung f\u00fcr \u00abRadio Smash\u00bb. Gast: Roxane Baumann, Model.<\/strong><br \/>\n<a href=\"http:\/\/www.lutzz.ch\/abwasser\/Abwasser_Smash.mp3\" target=\"_blank\" rel=\"noopener\">SENDUNG DOWNLOADEN<\/a><\/p>\n<p>Abwasser #25 vom 19. Juni 2016<br \/>\n<strong>mit gescheiterter Anhebung unserer Frauenquote.<\/strong><br \/>\n<a href=\"http:\/\/www.lutzz.ch\/abwasser\/Abwasser_25.mp3\">SENDUNG DOWNLOADEN<\/a><\/p>\n<p>Abwasser #24 vom 15. Mai 2016<br \/>\n<strong>mit Unterst\u00fctzung f\u00fcrs t\u00fcrkische Konsulat. Gast: Tina N\u00e4geli, Moderatorin SRF 3.<\/strong><br \/>\n<a href=\"http:\/\/www.lutzz.ch\/abwasser\/Abwasser_24.mp3\" target=\"_blank\" rel=\"noopener\">SENDUNG DOWNLOADEN<\/a><\/p>\n<p>Abwasser #23 vom 17. April 2016<br \/>\n<strong>Gast: Andri Silberschmidt, Pr\u00e4sident Jungfreisinnige Schweiz.<\/strong><br \/>\n<a href=\"http:\/\/www.lutzz.ch\/abwasser\/Abwasser_23.mp3\" target=\"_blank\" rel=\"noopener\">SENDUNG DOWNLOADEN<\/a><\/p>\n<p>Abwasser #22 vom 20. M\u00e4rz 2016<br \/>\n<strong>mit Anruf bei der SVP zwecks \u00abExtrablatt\u00bb-Abbestellung. Gast: Bastian Heiniger, Blick-Journalist.<\/strong><br \/>\n<a href=\"http:\/\/www.lutzz.ch\/abwasser\/Abwasser_22.mp3\" target=\"_blank\" rel=\"noopener\">SENDUNG DOWNLOADEN<\/a><\/p>\n<p>Abwasser #21 vom 21. Februar 2016<br \/>\n<strong>mit Anruf beim Donald-Trump-Kampagnen-Team.<\/strong><br \/>\n<a href=\"http:\/\/www.lutzz.ch\/abwasser\/Abwasser_21.mp3\" target=\"_blank\" rel=\"noopener\">SENDUNG DOWNLOADEN<\/a><\/p>\n<p>Abwasser Extra #2 vom 31. Januar 2016<br \/>\n<strong>mit grosser Verleihung des Piss Award 2016.<\/strong><br \/>\n<a href=\"http:\/\/www.lutzz.ch\/abwasser\/Abwasser_Extra_2A.mp3\" target=\"_blank\" rel=\"noopener\">TEIL A DOWNLOADEN<br \/>\n<\/a><a href=\"http:\/\/www.lutzz.ch\/abwasser\/Abwasser_Extra_2B.mp3\" target=\"_blank\" rel=\"noopener\">TEIL B DOWNLOADEN<\/a><br \/>\n<a href=\"http:\/\/www.lutzz.ch\/abwasser\/Abwasser_Extra_2C.mp3\" target=\"_blank\" rel=\"noopener\">TEIL C DOWNLOADEN<\/a><\/p>\n<p>Abwasser #20 vom 17. Januar 2016<br \/>\n<strong>mit Weltwoche-Autorin Claudia Schumacher.<\/strong><br \/>\n<a href=\"http:\/\/www.lutzz.ch\/abwasser\/Abwasser_20.mp3\" target=\"_blank\" rel=\"noopener\">SENDUNG DOWNLOADEN<\/a><\/p>\n<p>Abwasser #19 vom 20. Dezember 2015<br \/>\n<strong>mit senderinterner Satirekonkurrenz Sigge und Paschi.<\/strong><br \/>\n<a href=\"http:\/\/www.lutzz.ch\/abwasser\/Abwasser_19.mp3\" target=\"_blank\" rel=\"noopener\">SENDUNG DOWNLOADEN<\/a><\/p>\n<p>Abwasser #18 vom 15. November 2015<br \/>\n<strong>mit SVP-Nationalrat Christian Imark und ZZP-Bundesratskandidat Marc Gerber.<\/strong><br \/>\n<a href=\"http:\/\/www.lutzz.ch\/abwasser\/Abwasser_18.mp3\" target=\"_blank\" rel=\"noopener\">SENDUNG DOWNLOADEN<\/a><\/p>\n<p>Abwasser #17 vom 11. Oktober 2015<br \/>\n<strong>mit Nationalratswahlen und Marc Gerber. G\u00e4ste: Bea Heim, Serkan Yavuz, Inan Kadioglu.<\/strong><br \/>\n<a href=\"http:\/\/www.lutzz.ch\/abwasser\/Abwasser_17.mp3\" target=\"_blank\" rel=\"noopener\">SENDUNG DOWNLOADEN<\/a><\/p>\n<p>Abwasser Extra #1 vom 8. Oktober 2015<br \/>\n<strong>mit Kritik an SRF3-Moderator Rossier. Gast: Moneyboy.<\/strong><br \/>\n<a href=\"http:\/\/www.lutzz.ch\/abwasser\/Abwasser_Extra_1.mp3\" target=\"_blank\" rel=\"noopener\">SENDUNG DOWNLOADEN<\/a><\/p>\n<p>Abwasser #16 vom 20. September 2015<br \/>\n<strong>mit Erfahrungsbericht aus Paris. Gast: Mike M\u00fcller.<\/strong><br \/>\n<a href=\"http:\/\/www.lutzz.ch\/abwasser\/Abwasser_16.mp3\" target=\"_blank\" rel=\"noopener\">SENDUNG DOWNLOADEN<\/a><\/p>\n<p>Abwasser #15 vom 17. August 2015<br \/>\n<strong>mit Watsons dreistem Ideenklau und Best-Of aus 1 Jahr \u00abAbwasser\u00bb.<\/strong><br \/>\n<a href=\"http:\/\/www.lutzz.ch\/abwasser\/Abwasser_15.mp3\" target=\"_blank\" rel=\"noopener\">SENDUNG DOWNLOADEN<\/a><\/p>\n<p>Abwasser #14 vom 19. Juli 2015<br \/>\n<strong>mit Blochers Fl\u00fcchtlingsproblem-L\u00f6sung und katholischen Ehe-Tipps. Gast: Maurus Zeier, Pr\u00e4sident Jungfreisinnige Schweiz.<\/strong><br \/>\n<a href=\"http:\/\/www.lutzz.ch\/abwasser\/Abwasser_14.mp3\" target=\"_blank\" rel=\"noopener\">SENDUNG DOWNLOADEN<\/a><\/p>\n<p>Abwasser #13 vom 21. Juni 2015<br \/>\n<strong>mit Polizeigewalt und lebensechten Sexpuppen. Gast: Rolf Tsch\u00e4pp\u00e4t, SRF.<\/strong><br \/>\n<a href=\"http:\/\/www.lutzz.ch\/abwasser\/Abwasser_13.mp3\" target=\"_blank\" rel=\"noopener\">SENDUNG DOWNLOADEN<\/a><\/p>\n<p>Abwasser #12 vom 17. Mai 2015<br \/>\n<strong>mit Tweets von Jolanda Spiess-Hegglin und anderen Liebesthemen. Gast: Verschw\u00f6rungstheoretiker Fabian.<\/strong><br \/>\n<a href=\"http:\/\/www.lutzz.ch\/abwasser\/Abwasser_12.mp3\" target=\"_blank\" rel=\"noopener\">SENDUNG DOWNLOADEN<\/a><\/p>\n<p>Abwasser #11 vom 19. April 2015<br \/>\n<strong>mit Reisetipps von Dr. Christoph Blocher und Masturbations-Karaoke. Gast: Lara Stoll.<\/strong><br \/>\n<a href=\"http:\/\/www.lutzz.ch\/abwasser\/Abwasser_11.mp3\" target=\"_blank\" rel=\"noopener\">SENDUNG DOWNLOADEN<\/a><\/p>\n<p>Abwasser #10 vom 15. M\u00e4rz 2015<br \/>\n<strong>Der grosse Abwasser-Spenden-Marathon mit relativ spannendem Ausgang!<br \/>\n<\/strong><a href=\"http:\/\/www.lutzz.ch\/abwasser\/Abwasser_10.mp3\" target=\"_blank\" rel=\"noopener\">SENDUNG DOWNLOADEN<\/a><\/p>\n<p>Abwasser #9 vom 15. Februar 2015<br \/>\n<strong>mit Anti-Terror-Gardist \u00abJohnny Wayne\u00bb. Gast: Tinder-Profi \u00abSchafseckel\u00bb.<br \/>\n<\/strong><a href=\"http:\/\/www.lutzz.ch\/abwasser\/Abwasser_9.mp3\" target=\"_blank\" rel=\"noopener\">SENDUNG DOWNLOADEN<\/a><\/p>\n<p>Abwasser #8 vom 18. Januar 2015<br \/>\n<strong>mit grossem Natursekt-Availability-Check. Gast: Ramon Christen.<br \/>\n<\/strong><a href=\"http:\/\/www.lutzz.ch\/abwasser\/Abwasser_8.mp3\" target=\"_blank\" rel=\"noopener\">SENDUNG DOWNLOADEN<\/a><\/p>\n<p>Abwasser #7 vom 22. Dezember 2014<br \/>\n<strong>Gast: Jesus Christus. Kurztalk mit Erich Hess.<br \/>\n<\/strong><a href=\"http:\/\/www.lutzz.ch\/abwasser\/Abwasser_7.mp3\" target=\"_blank\" rel=\"noopener\">SENDUNG DOWNLOADEN<\/a><\/p>\n<p>Abwasser #6 vom 16. November 2014<br \/>\n<strong>Aus Belgien und Aarau. Gast: Fritzli Furzenegger, Regionalmeister im Weitwichsen.<br \/>\n<\/strong><a href=\"http:\/\/www.lutzz.ch\/abwasser\/Abwasser_6.mp3\" target=\"_blank\" rel=\"noopener\">SENDUNG DOWNLOADEN<\/a><\/p>\n<p>Abwasser #5 vom 19. Oktober 2014<br \/>\n<strong>Aus Belgien. Gast: belgische Franz\u00f6sischlehrerin.<br \/>\n<\/strong><a href=\"http:\/\/www.lutzz.ch\/abwasser\/Abwasser_5.mp3\" target=\"_blank\" rel=\"noopener\">SENDUNG DOWNLOADEN<\/a><\/p>\n<p>Abwasser #4 vom 22. September 2014<br \/>\n<strong>aus Belgien<br \/>\n<\/strong>SENDUNG VERSCHOLLEN<\/p>\n<p>Abwasser #3 vom 25. August 2014<br \/>\n<strong>mit Steffi Heinzmann, Gr\u00fcsel-Geri und Fabian G.s neuer, verbesserter Facebook-Flirt-Technik<br \/>\n<\/strong><a href=\"http:\/\/www.lutzz.ch\/abwasser\/Abwasser_3.mp3\" target=\"_blank\" rel=\"noopener\">SENDUNG DOWNLOADEN<\/a><\/p>\n<p>Abwasser #2 vom 28. Juli 2014<br \/>\n<strong>mit \u00abToni Bortoluzzi\u00bb, Anruf bei Blick am Abend und Fabian G., Facebook-Flirt-Profi<br \/>\n<\/strong><a href=\"http:\/\/www.lutzz.ch\/abwasser\/Abwasser_2.mp3\" target=\"_blank\" rel=\"noopener\">SENDUNG DOWNLOADEN<\/a><\/p>\n<p>Abwasser #1 vom 23. Juni 2014<br \/>\n<strong>mit Waltis Rausschmiss, h\u00e4uslicher Gewalt an Frauen und Zingg<br \/>\n<\/strong><a href=\"http:\/\/www.lutzz.ch\/abwasser\/Abwasser_1.mp3\" target=\"_blank\" rel=\"noopener\">SENDUNG DOWNLOADEN<\/a><\/p>\n<p>Abwasser Pilot vom 20. Mai 2014<br \/>\n<strong>mit Affensex, N.S. aus L. und Criga<br \/>\n<\/strong><a href=\"http:\/\/www.lutzz.ch\/abwasser\/Abwasser_%20Pilot.mp3\" target=\"_blank\" rel=\"noopener\">SENDUNG DOWNLOADEN<\/a><\/p>\n<h1><strong>ZZ Radio<br \/>\n<\/strong><\/h1>\n<p><em>ZZ Radio war eine ziemlich geile Hiphop-Sendung, die von 2011 bis 2012 auf dem<\/em><br \/>\n<em> Aargauer Komplement\u00e4rradio Kanal K zu h\u00f6ren war.<\/em><\/p>\n<p>ZZ Radio #20 vom 20. November 2012<br \/>\n<strong>mit Hot Cup, Skelt! und Manu<br \/>\n<\/strong>SENDUNG DOWNLOADEN: <a href=\"http:\/\/www.lutzz.ch\/music\/ZZR20-A.mp3\" target=\"_blank\" rel=\"noopener\">STUNDE 1<\/a> \/ <a href=\"http:\/\/www.lutzz.ch\/music\/ZZR20-B.mp3\" target=\"_blank\" rel=\"noopener\">STUNDE 2<\/a><\/p>\n<p>ZZ Radio #19 vom 16. Oktober 2012<br \/>\n<strong>mit Laganaro und DJ Nid Ganz 10<br \/>\n<\/strong>SENDUNG DOWNLOADEN: <a href=\"http:\/\/www.lutzz.ch\/music\/ZZR19-A.mp3\" target=\"_blank\" rel=\"noopener\">STUNDE 1<\/a> \/ <a href=\"http:\/\/www.lutzz.ch\/music\/ZZR19-B.mp3\" target=\"_blank\" rel=\"noopener\">STUNDE 2<\/a><\/p>\n<p>ZZ Radio #18 vom 18. September 2012<br \/>\n<strong>mit Dr\u00fcklang und Mimiks\/Pablo\/Bash\/Carlito\/Harry Leggs\/Bird<br \/>\n<\/strong>SENDUNG DOWNLOADEN:\u00a0<a href=\"http:\/\/www.lutzz.ch\/music\/ZZR18.mp3\" target=\"_blank\" rel=\"noopener\">STUNDE 1<\/a><\/p>\n<p>ZZ Radio #17 vom 21. August 2012<br \/>\n<strong>mit Emm und Tommy Vercetti<br \/>\n<\/strong>SENDUNG DOWNLOADEN:\u00a0<a href=\"http:\/\/www.lutzz.ch\/music\/ZZR17.mp3\" target=\"_blank\" rel=\"noopener\">STUNDE 1<\/a><\/p>\n<p>ZZ Radio #16 vom 17. Juli 2012<br \/>\n<strong>mit Andretti &amp; Fresh<br \/>\n<\/strong>SENDUNG DOWNLOADEN: <a href=\"http:\/\/www.lutzz.ch\/music\/ZZR16-A.mp3\" target=\"_blank\" rel=\"noopener\">STUNDE 1<\/a> \/\u00a0<a href=\"http:\/\/www.lutzz.ch\/music\/ZZR16-B.mp3\" target=\"_blank\" rel=\"noopener\">STUNDE 2<\/a><\/p>\n<p>ZZ Radio #15 vom 19. Juni 2012<br \/>\n<strong>mit Liricas Analas<\/strong><br \/>\nSENDUNG DOWNLOADEN: <a href=\"http:\/\/www.lutzz.ch\/music\/ZZR15-A.mp3\" target=\"_blank\" rel=\"noopener\">STUNDE 1<\/a> \/\u00a0<a href=\"http:\/\/www.lutzz.ch\/music\/ZZR15-B.mp3\" target=\"_blank\" rel=\"noopener\">STUNDE 2<\/a><\/p>\n<p>ZZ Radio #14 vom 15. Mai 2012<br \/>\n<strong>mit Einer und ein Weiterer<\/strong><br \/>\nSENDUNG DOWNLOADEN: <a href=\"http:\/\/www.lutzz.ch\/music\/ZZR14-A.mp3\" target=\"_blank\" rel=\"noopener\">STUNDE 1<\/a> \/\u00a0<a href=\"http:\/\/www.lutzz.ch\/music\/ZZR14-B.mp3\" target=\"_blank\" rel=\"noopener\">STUNDE 2<\/a><\/p>\n<p>ZZ Radio #13 vom 17. April 2012<br \/>\n<strong>mit Steven Egal<\/strong><br \/>\nSENDUNG DOWNLOADEN: <a href=\"http:\/\/www.lutzz.ch\/music\/ZZR13-A.mp3\" target=\"_blank\" rel=\"noopener\">STUNDE 1<\/a> \/\u00a0<a href=\"http:\/\/www.lutzz.ch\/music\/ZZR13-B.mp3\" target=\"_blank\" rel=\"noopener\">STUNDE 2<\/a><\/p>\n<p>ZZ Radio #12 vom 20. M\u00e4rz 2012<br \/>\n<strong>mit E.S.I.K.<\/strong><br \/>\nSENDUNG DOWNLOADEN: <a href=\"http:\/\/www.lutzz.ch\/music\/ZZR12-A.mp3\" target=\"_blank\" rel=\"noopener\">STUNDE 1<\/a> \/\u00a0<a href=\"http:\/\/www.lutzz.ch\/music\/ZZR12-B.mp3\" target=\"_blank\" rel=\"noopener\">STUNDE 2<\/a><\/p>\n<p>ZZ Radio #11 vom 21. Februar 2012<br \/>\nSENDUNG DOWNLOADEN: <a href=\"http:\/\/www.lutzz.ch\/music\/ZZR11-A.mp3\" target=\"_blank\" rel=\"noopener\">STUNDE 1<\/a> \/\u00a0<a href=\"http:\/\/www.lutzz.ch\/music\/ZZR11-B.mp3\" target=\"_blank\" rel=\"noopener\">STUNDE 2<br \/>\n<\/a><\/p>\n<p>ZZ Radio #10 vom 17. Januar 2012<br \/>\n<strong>mit Harry Leggs &amp; Bird<\/strong><br \/>\nSENDUNG DOWNLOADEN: <a href=\"http:\/\/www.lutzz.ch\/music\/ZZR10-A.mp3\" target=\"_blank\" rel=\"noopener\">STUNDE 1<\/a> \/\u00a0<a href=\"http:\/\/www.lutzz.ch\/music\/ZZR10-B.mp3\" target=\"_blank\" rel=\"noopener\">STUNDE 2<\/a><\/p>\n<p>ZZ Radio #9 vom 20. Dezember 2011<br \/>\n<strong>mit Freaky Fridolin<\/strong><br \/>\nSENDUNG DOWNLOADEN: <a href=\"http:\/\/www.lutzz.ch\/music\/ZZR9-A.mp3\" target=\"_blank\" rel=\"noopener\">STUNDE 1<\/a> \/\u00a0<a href=\"http:\/\/www.lutzz.ch\/music\/ZZR9-B.mp3\" target=\"_blank\" rel=\"noopener\">STUNDE 2<\/a><\/p>\n<p>ZZ Radio #8 vom 15. November 2011<br \/>\n<strong>mit DaMos und L-Echo<\/strong><br \/>\nSENDUNG DOWNLOADEN: <a href=\"http:\/\/www.lutzz.ch\/music\/ZZR8-A.mp3\" target=\"_blank\" rel=\"noopener\">STUNDE 1<\/a> \/\u00a0<a href=\"http:\/\/www.lutzz.ch\/music\/ZZR8-B.mp3\" target=\"_blank\" rel=\"noopener\">STUNDE 2<\/a><\/p>\n<p>ZZ Radio #7 vom 18. Oktober 2011<br \/>\n<strong>mit Tomahawk<\/strong><br \/>\nSENDUNG DOWNLOADEN: <a href=\"http:\/\/www.lutzz.ch\/music\/ZZR7-A.mp3\" target=\"_blank\" rel=\"noopener\">STUNDE 1<\/a> \/\u00a0<a href=\"http:\/\/www.lutzz.ch\/music\/ZZR7-B.mp3\" target=\"_blank\" rel=\"noopener\">STUNDE 2<\/a><\/p>\n<p>ZZ Radio #6 vom 20. September 2011<br \/>\nSENDUNG DOWNLOADEN: <a href=\"http:\/\/www.lutzz.ch\/music\/ZZR6-A.mp3\" target=\"_blank\" rel=\"noopener\">STUNDE 1<\/a> \/\u00a0<a href=\"http:\/\/www.lutzz.ch\/music\/ZZR6-B.mp3\" target=\"_blank\" rel=\"noopener\">STUNDE 2<\/a><\/p>\n<p>ZZ Radio #5 vom 16. August 2011<br \/>\n<strong>mit Collie Herb<\/strong><br \/>\nSENDUNG DOWNLOADEN: <a href=\"http:\/\/www.lutzz.ch\/music\/ZZR5-A.mp3\" target=\"_blank\" rel=\"noopener\">STUNDE 1<\/a> \/\u00a0<a href=\"http:\/\/www.lutzz.ch\/music\/ZZR5-B.mp3\" target=\"_blank\" rel=\"noopener\">STUNDE 2<\/a><\/p>\n<p>ZZ Radio #4 vom 19. Juli 2011<br \/>\nSENDUNG DOWNLOADEN: <a href=\"http:\/\/www.lutzz.ch\/music\/ZZR4-A.mp3\" target=\"_blank\" rel=\"noopener\">STUNDE 1<\/a> \/\u00a0<a href=\"http:\/\/www.lutzz.ch\/music\/ZZR4-B.mp3\" target=\"_blank\" rel=\"noopener\">STUNDE 2<\/a><\/p>\n<p>ZZ Radio #3 vom 21. Juni 2011<br \/>\nSENDUNG DOWNLOADEN: <a href=\"http:\/\/www.lutzz.ch\/music\/ZZR3-A.mp3\" target=\"_blank\" rel=\"noopener\">STUNDE 1<\/a> \/\u00a0<a href=\"http:\/\/www.lutzz.ch\/music\/ZZR3-B.mp3\" target=\"_blank\" rel=\"noopener\">STUNDE 2<\/a><\/p>\n<p>ZZ Radio #2 vom 17. Mai 2011<br \/>\n<strong>mit Rob-E Dox<\/strong><br \/>\nSENDUNG DOWNLOADEN: <a href=\"http:\/\/www.lutzz.ch\/music\/ZZR2-A.mp3\" target=\"_blank\" rel=\"noopener\">STUNDE 1<\/a> \/\u00a0<a href=\"http:\/\/www.lutzz.ch\/music\/ZZR2-B.mp3\" target=\"_blank\" rel=\"noopener\">STUNDE 2<\/a><\/p>\n<p>ZZ Radio #1 vom 26. April 2011<br \/>\n<a href=\"http:\/\/www.lutzz.ch\/music\/ZZRADIO-1.zip\">SENDUNG DOWNLOADEN<\/a><\/p>\n","protected":false},"excerpt":{"rendered":"<p>Abwasser \u00abAbwasser\u00bb ist der relativ geile Satire-Podcast der Deutschschweiz. iTunes-Feed hier. RSS-Feed hier. Abwasser #50 vom 18. Dezember 2021 mit verst\u00f6rendem Comeback auf Radio Kanal K. SENDUNG DOWNLOADEN Abwasser #49 vom 21. Januar 2018 mit mysteri\u00f6sem Verschwinden einer Dame auf &hellip; <a href=\"https:\/\/www.lutzz.ch\/?page_id=2425\">Continue reading <span class=\"meta-nav\">&rarr;<\/span><\/a><\/p>\n","protected":false},"author":5,"featured_media":0,"parent":0,"menu_order":0,"comment_status":"closed","ping_status":"closed","template":"","meta":{"footnotes":""},"class_list":["post-2425","page","type-page","status-publish","hentry"],"_links":{"self":[{"href":"https:\/\/www.lutzz.ch\/index.php?rest_route=\/wp\/v2\/pages\/2425","targetHints":{"allow":["GET"]}}],"collection":[{"href":"https:\/\/www.lutzz.ch\/index.php?rest_route=\/wp\/v2\/pages"}],"about":[{"href":"https:\/\/www.lutzz.ch\/index.php?rest_route=\/wp\/v2\/types\/page"}],"author":[{"embeddable":true,"href":"https:\/\/www.lutzz.ch\/index.php?rest_route=\/wp\/v2\/users\/5"}],"replies":[{"embeddable":true,"href":"https:\/\/www.lutzz.ch\/index.php?rest_route=%2Fwp%2Fv2%2Fcomments&post=2425"}],"version-history":[{"count":178,"href":"https:\/\/www.lutzz.ch\/index.php?rest_route=\/wp\/v2\/pages\/2425\/revisions"}],"predecessor-version":[{"id":5344,"href":"https:\/\/www.lutzz.ch\/index.php?rest_route=\/wp\/v2\/pages\/2425\/revisions\/5344"}],"wp:attachment":[{"href":"https:\/\/www.lutzz.ch\/index.php?rest_route=%2Fwp%2Fv2%2Fmedia&parent=2425"}],"curies":[{"name":"wp","href":"https:\/\/api.w.org\/{rel}","templated":true}]}}